0)*-10 - -166. What is the greatest common divisor of p and 20?
10
Let i = -5 + 8. Let c be ((-80)/(-12))/(2/i). Suppose 5*f + 9 - 44 = -3*a, 2*a - c = 0. Calculate the greatest common divisor of 1 and f.
1
Suppose -3*j - j + 214 = 3*b, b + 4*j - 82 = 0. Calculate the highest common divisor of 6 and b.
6
Suppose 0 = -3*j + 4*m + 24, -j + 0*j - 2*m + 8 = 0. Calculate the greatest common divisor of 64 and j.
8
Suppose -3*f = -15 + 3. Suppose -5*h + 8 = -h, -u + f*h - 32 = 0. Let c be 0/2 - (4 + u). Calculate the greatest common divisor of 8 and c.
4
Suppose 6*a = 10*a - 52. Calculate the highest common divisor of a and 13.
13
Let t = 38 + -26. Calculate the highest common factor of 12 and t.
12
Let s(c) = 4*c**2 + 4*c + 4. Suppose -15 = 4*y + y. Let h be s(y). Let p(o) = 8*o**2 - 2. Let v be p(3). Calculate the greatest common factor of h and v.
14
Let p be (-18)/9*30/(-4). Calculate the greatest common factor of 45 and p.
15
Let b be (-6)/9*-15 - 2. Suppose 5*v - b = 2. Suppose -x - 4*x + 7 = v*f, 4*x = -2*f + 4. Calculate the highest common divisor of 21 and x.
3
Suppose -27*u = -22*u - 30. Calculate the greatest common divisor of u and 33.
3
Let x(y) = 3*y**2 + 8*y + 3. Let c be x(-6). Calculate the greatest common factor of c and 42.
21
Suppose -3*w = 3*m - 138, -m + 3*w + 38 = -0*m. Calculate the greatest common divisor of 33 and m.
11
Let n be (-42)/9*5*-3. Calculate the highest common divisor of 10 and n.
10
Suppose 7 = 2*z - 3*j, 0 = -3*z - 4*j - 0*j + 36. Suppose -4*q = -z*q + 48. What is the greatest common divisor of q and 4?
4
Let y = 0 - -2. Suppose 3*p = -0*p - 5*o + 4, -4*p = -y*o - 40. Let z be -2 + (-2 - -1) + 11. What is the highest common divisor of p and z?
8
Suppose c = p - 2*p + 4, c = 5*p + 4. Suppose 14 = -2*x - c. Let d be (-1 - x/6)*12. What is the highest common divisor of d and 3?
3
Suppose 3*m + 4*z + 0*z - 34 = 0, 3*m - 6 = 3*z. What is the greatest common factor of 66 and m?
6
Let l(g) = -g + 4*g + 6*g**2 - g**3 - 5 + 3. Let d be l(5). Let v = 7 + d. Calculate the greatest common divisor of 18 and v.
9
Let k(f) = 9*f - 26. Let a be k(6). What is the greatest common factor of 70 and a?
14
Suppose 5*s - 35 = 6*p - p, 5*s - 31 = 4*p. Let y(m) = -s - m + 6 + 10 + m**3. Let z be y(0). Calculate the highest common divisor of 26 and z.
13
Suppose 0 = 2*w + 4*m - 40, -4*m + 61 + 3 = 4*w. Suppose -5*r + 320 = -4*t, -155 = -3*r - 0*r - 5*t. What is the greatest common divisor of w and r?
12
Let x be -1 + 958/15 + (-50)/(-375). Calculate the highest common divisor of 9 and x.
9
Let t(d) = 5*d - 1. Let o be t(2). Let x be ((-6)/o)/(6/(-27)). Calculate the highest common divisor of 12 and x.
3
Suppose 0 = -4*x - 2*h + 196, h + 196 = -2*x + 6*x. Suppose -2*m - x + 203 = 0. Calculate the greatest common divisor of 7 and m.
7
Suppose -5*i = -18 - 12. Let h be (10/4)/((-36)/(-432)). What is the highest common divisor of i and h?
6
Suppose -x + 2*m + 2 = 0, 5*x - 2*m + 3*m - 43 = 0. Calculate the highest common divisor of x and 40.
8
Suppose -o + 2*t + 136 = 4*t, 0 = 2*t. Calculate the greatest common divisor of 8 and o.
8
Let n(o) = -4*o - 8. Let m be n(-3). Suppose -5*q + 5*t + 124 = -141, -236 = -m*q - 4*t. What is the highest common divisor of 8 and q?
8
Suppose 0*n - 756 = -3*n. Calculate the greatest common factor of n and 36.
36
Let k(t) = t + 79. Let z be k(0). Suppose -4*v + v + 2*m + z = 0, -28 = -v + m. Calculate the highest common factor of 253 and v.
23
Let c be (266/(-21))/((-2)/6). What is the greatest common divisor of c and 95?
19
Suppose 2*g + 3*b = 21, -16 - 23 = -3*g - 2*b. Let s = 20 + -15. Calculate the highest common factor of g and s.
5
Suppose 0 = 4*q - 0*q - 2*u - 28, 0 = -4*q - 3*u + 18. Calculate the greatest common factor of 42 and q.
6
Suppose -3*r - 54 = -6*r. Calculate the highest common factor of r and 72.
18
Let i(s) = -5*s + 2. Let h be i(3). Let y = 23 + h. Suppose 3*u + 0*u = 60. Calculate the greatest common divisor of y and u.
10
Suppose -4*p = 12, 75 + 3 = 3*v - 4*p. Calculate the highest common divisor of 110 and v.
22
Let t = 31 + -6. Calculate the highest common factor of 275 and t.
25
Let v be 0*2*1/4. Suppose 20 = 3*r + o, -2*r = -v*r + 2*o - 16. Let l be 2/((-2)/(-2)) - -22. Calculate the highest common divisor of r and l.
6
Suppose 5*x - 59 = 3*m - 18, 3*x - 15 = 5*m. Let q(w) = -16*w + 1 + 5*w - 28*w. Let h be q(-1). What is the highest common divisor of h and x?
10
Suppose 6 + 4 = 2*t. Suppose -z + 3 - 2 = -t*k, 14 = 2*z - 4*k. Let o = 0 - -1. Calculate the greatest common divisor of z and o.
1
Let p = -2 - -13. Calculate the greatest common factor of 11 and p.
11
Suppose -2*v + 2 = -2. Let q be (14/(-4))/(v/(-32)). Let a(s) = -s**3 + 6*s**2 - 4*s + 2. Let x be a(5). What is the greatest common factor of x and q?
7
Let l(p) = -3*p. Let w be l(-5). Let i(z) = 38*z - 5. Let h be i(7). Let d = -126 + h. What is the highest common divisor of d and w?
15
Let w = 13 + -2. Calculate the greatest common divisor of w and 110.
11
Suppose 3*c = 5*c - 202. Suppose -463 = -3*y + x, -4*y = -4*x - c - 519. Calculate the greatest common factor of y and 22.
22
Let m = 28 - 24. Calculate the greatest common factor of 20 and m.
4
Suppose -250 = -4*c + 3*i, -5*i + 192 - 54 = 2*c. Let k be 1 - 1*-15*1. What is the highest common divisor of k and c?
16
Let r be 4/(-6)*(-30)/4. Suppose 424 = g - 5*g. Let o = g + 151. What is the highest common factor of r and o?
5
Let r = -19 + 47. What is the highest common divisor of r and 28?
28
Let b(h) = h**3 + 4*h**2 - 6*h + 4. Let i be b(-5). What is the greatest common divisor of i and 99?
9
Let y = -3 - 2. Let j be (-1055)/y + (-2)/(-2). Suppose 4*i - j + 32 = 0. What is the highest common factor of 30 and i?
15
Let o = -12 - -17. Suppose -29 - 56 = -o*j. What is the greatest common factor of 34 and j?
17
Let k(h) = h. Let j be k(2). What is the highest common divisor of j and 14?
2
Suppose -2*c + 16 = 2*c. Let b be 1/(-1) - (-9 - c). Calculate the highest common divisor of 3 and b.
3
Let u be 19 - 0 - 0 - -1. Let v = -8 + u. What is the greatest common factor of v and 36?
12
Let j(t) = t**3 - 6*t**2 + t - 5. Let h be j(6). Let a be (-2)/(h*(1 + -2)). Calculate the greatest common factor of a and 2.
2
Suppose q - 99 = o - 3*o, 0 = 5*o - 4*q - 241. What is the greatest common factor of o and 7?
7
Let j = -21 + 21. Suppose -2*p + 5*p - 18 = j. What is the greatest common divisor of p and 12?
6
Let g be (0/(-1 + -2))/(-3). Suppose g = -4*v + 2*v + 154. Calculate the greatest common divisor of 11 and v.
11
Let y(p) = 3*p**2 + 2*p - 1. Let l(n) = n - 3. Let s be l(-4). Let i be y(s). What is the greatest common divisor of 12 and i?
12
Let f = -84 + 120. What is the highest common factor of 4 and f?
4
Let g(h) = h**2 + 9*h - 8. Let z be g(-11). Let r = 29 - z. What is the highest common divisor of r and 5?
5
Suppose 2*r - 33 = -r. Calculate the highest common factor of 22 and r.
11
Let f(n) = 0*n**2 + n**3 + n**3 - n**2 + 3 - 4 - 2*n. Let z be f(2). What is the highest common factor of z and 7?
7
Let j = 258 - 60. What is the greatest common factor of 18 and j?
18
Let k = -11 + 15. What is the greatest common divisor of 8 and k?
4
Let w be ((-66)/15)/(4/(-360)). Calculate the greatest common divisor of w and 44.
44
Suppose -72 = -u + 48. Suppose 0 = 69*t - 75*t + 288. Calculate the highest common factor of t and u.
24
Suppose 5*a - 656 = -5*g + 274, 5*a - 894 = 4*g. Calculate the greatest common divisor of a and 26.
26
Let v = 10 + 9. Suppose 5*d + v - 4 = 0. Let b be 1/d + (-66)/(-9). Calculate the greatest common divisor of 56 and b.
7
Let n(k) = -11*k**3 - k**2 + 3*k + 2. Let h be n(-2). Calculate the highest common factor of 16 and h.
16
Let b(u) = 15*u + 11. Let h be b(7). What is the highest common divisor of 29 and h?
29
Let w(y) = y**3 - 14*y**2 + 2*y + 2. Let n be w(14). What is the greatest common factor of n and 12?
6
Let z(r) = 7*r**3 + r**2 - 2*r + 1. Let f = 13 + -12. Let d be z(f). Calculate the greatest common factor of d and 56.
7
Let b(p) be the first derivative of p**3/3 + 5*p**2/2 - 4*p - 9. Let c be b(-7). What is the greatest common divisor of c and 1?
1
Let k(j) = 2*j**2 + 2*j. Let f be k(-6). What is the highest common divisor of f and 24?
12